{"id":2470,"date":"2025-08-31T16:20:31","date_gmt":"2025-08-31T14:20:31","guid":{"rendered":"https:\/\/howood.fr\/?page_id=2470"},"modified":"2026-01-04T22:55:12","modified_gmt":"2026-01-04T21:55:12","slug":"la-radiesthesie","status":"publish","type":"page","link":"https:\/\/howood.fr\/index.php\/la-radiesthesie\/","title":{"rendered":"La radiesth\u00e9sie"},"content":{"rendered":"\t\t<div data-elementor-type=\"wp-page\" data-elementor-id=\"2470\" class=\"elementor elementor-2470\" data-elementor-post-type=\"page\">\n\t\t\t\t<div class=\"elementor-element elementor-element-9447fb5 e-flex e-con-boxed e-con e-parent\" data-id=\"9447fb5\" data-element_type=\"container\" data-e-type=\"container\">\n\t\t\t\t\t<div class=\"e-con-inner\">\n\t\t<div class=\"elementor-element elementor-element-d50f476 e-con-full e-flex e-con e-child\" data-id=\"d50f476\" data-element_type=\"container\" data-e-type=\"container\">\n\t\t<div class=\"elementor-element elementor-element-d1946f2 e-con-full e-flex e-con e-child\" data-id=\"d1946f2\" data-element_type=\"container\" data-e-type=\"container\">\n\t\t\t\t<div class=\"elementor-element elementor-element-d8518fd elementor-widget elementor-widget-heading\" data-id=\"d8518fd\" data-element_type=\"widget\" data-e-type=\"widget\" data-widget_type=\"heading.default\">\n\t\t\t\t<div class=\"elementor-widget-container\">\n\t\t\t\t\t<h2 class=\"elementor-heading-title elementor-size-default\">Qu'est-ce que la radiesth\u00e9sie ?<\/h2>\t\t\t\t<\/div>\n\t\t\t\t<\/div>\n\t\t\t\t<\/div>\n\t\t\t\t<div class=\"elementor-element elementor-element-9c1d014 elementor-widget elementor-widget-text-editor\" data-id=\"9c1d014\" data-element_type=\"widget\" data-e-type=\"widget\" data-widget_type=\"text-editor.default\">\n\t\t\t\t<div class=\"elementor-widget-container\">\n\t\t\t\t\t\t\t\t\t<ul><li><strong>Qu\u2019est-ce que la radiesth\u00e9sie ?<\/strong><\/li><\/ul><p>La <strong>radiesth\u00e9sie<\/strong> est une pratique ancestrale qui consiste \u00e0 utiliser un outil \u2014 le plus souvent un <strong>pendule<\/strong> ou des baguettes \u2014 pour obtenir des informations gr\u00e2ce \u00e0 l\u2019observation de leurs mouvements.<br \/>Elle s\u2019appuie sur l\u2019id\u00e9e que tout \u00eatre vivant, objet ou lieu \u00e9met une forme de <strong>vibration<\/strong> ou d\u2019\u00ab information subtile \u00bb, \u00e0 laquelle le corps humain serait naturellement sensible.<\/p><p>Le pendule sert alors d\u2019<strong>amplificateur<\/strong> : il rend visibles ces micro-r\u00e9actions en oscillant.<\/p><ul><li><strong>Comment fonctionne un pendule ?<\/strong><\/li><\/ul><p>Un pendule r\u00e9agit \u00e0 de tr\u00e8s l\u00e9gers mouvements involontaires de la main, appel\u00e9s <strong>micro-r\u00e9ponses<\/strong>.<br \/>Ces mouvements peuvent \u00eatre influenc\u00e9s par :<\/p><ul><li><p>l\u2019intuition,<\/p><\/li><li><p>l\u2019attention port\u00e9e \u00e0 une question,<\/p><\/li><li><p>la sensibilit\u00e9 personnelle,<\/p><\/li><li><p>ou l\u2019interpr\u00e9tation \u00e9nerg\u00e9tique d\u2019un lieu ou d\u2019un objet.<\/p><\/li><\/ul><p>Ainsi, le pendule devient un <strong>outil de connexion<\/strong>, de concentration et d\u2019observation.\u00a0<\/p><ul><li class=\"western\"><strong>\u00c0 quoi sert la radiesth\u00e9sie ?<\/strong><\/li><\/ul><p>La radiesth\u00e9sie est utilis\u00e9e dans de nombreux domaines :<\/p><p class=\"western\"><strong>Bien-\u00eatre<\/strong><\/p><p>D\u00e9velopper son intuition, clarifier un choix, ressentir l\u2019\u00e9nergie d\u2019un objet ou d\u2019un aliment.<\/p><p class=\"western\"><strong>G\u00e9obiologie<\/strong><\/p><p>Explorer l\u2019harmonie d\u2019un lieu, d\u00e9tecter des zones perturb\u00e9es, travailler sur plan.<\/p><p class=\"western\"><strong>Recherche et d\u00e9tection<\/strong><\/p><p>Retrouver un objet, analyser une carte, explorer des pistes.<\/p><p class=\"western\">Approches avanc\u00e9es<\/p><p>Certains praticiens utilisent :<\/p><ul><li><p>des cadrans,<\/p><\/li><li><p>les spectres de couleurs (Turenne, B\u00e9lizal, Chaumery),<\/p><\/li><li><p>des protocoles de mesure sp\u00e9cifiques.<\/p><\/li><\/ul><ul><li class=\"western\"><strong>Une pratique accessible \u00e0 tous<\/strong><\/li><\/ul><p>La radiesth\u00e9sie ne demande aucun don : elle repose sur l\u2019attention, l\u2019observation et l\u2019entra\u00eenement.<br \/>Un pendule bien \u00e9quilibr\u00e9 facilite l\u2019apprentissage et permet d\u2019obtenir des r\u00e9ponses plus claires.<\/p><ul><li data-start=\"3951\" data-end=\"3996\"><strong>Pourquoi choisir un pendule en bois ?<\/strong><\/li><\/ul><p data-start=\"3997\" data-end=\"4154\">Le bois offre une sensation naturelle, chaude, l\u00e9g\u00e8re et non conductrice.<br data-start=\"4070\" data-end=\"4073\" \/>Il convient tr\u00e8s bien pour le bien-\u00eatre, les analyses subtiles et la g\u00e9obiologie.<\/p>\t\t\t\t\t\t\t\t<\/div>\n\t\t\t\t<\/div>\n\t\t\t\t<\/div>\n\t\t<div class=\"elementor-element elementor-element-10c000a e-con-full e-flex e-con e-child\" data-id=\"10c000a\" data-element_type=\"container\" data-e-type=\"container\">\n\t\t<div class=\"elementor-element elementor-element-9e631c2 e-con-full elementor-hidden-mobile e-flex e-con e-child\" data-id=\"9e631c2\" data-element_type=\"container\" data-e-type=\"container\" data-settings=\"{&quot;background_background&quot;:&quot;classic&quot;,&quot;background_motion_fx_motion_fx_scrolling&quot;:&quot;yes&quot;,&quot;background_motion_fx_scale_effect&quot;:&quot;yes&quot;,&quot;background_motion_fx_scale_direction&quot;:&quot;in-out&quot;,&quot;background_motion_fx_scale_range&quot;:{&quot;unit&quot;:&quot;%&quot;,&quot;size&quot;:&quot;&quot;,&quot;sizes&quot;:{&quot;start&quot;:0,&quot;end&quot;:50}},&quot;background_motion_fx_scale_speed&quot;:{&quot;unit&quot;:&quot;px&quot;,&quot;size&quot;:4,&quot;sizes&quot;:[]},&quot;background_motion_fx_devices&quot;:[&quot;desktop&quot;,&quot;tablet&quot;,&quot;mobile&quot;]}\">\n\t\t\t\t<\/div>\n\t\t\t\t<\/div>\n\t\t\t\t\t<\/div>\n\t\t\t\t<\/div>\n\t\t<div class=\"elementor-element elementor-element-c2a4c00 e-flex e-con-boxed e-con e-parent\" data-id=\"c2a4c00\" data-element_type=\"container\" data-e-type=\"container\">\n\t\t\t\t\t<div class=\"e-con-inner\">\n\t\t<div class=\"elementor-element elementor-element-fb556f9 e-con-full e-flex e-con e-child\" data-id=\"fb556f9\" data-element_type=\"container\" data-e-type=\"container\">\n\t\t<div class=\"elementor-element elementor-element-789f068 e-con-full e-flex e-con e-child\" data-id=\"789f068\" data-element_type=\"container\" data-e-type=\"container\" data-settings=\"{&quot;background_background&quot;:&quot;classic&quot;,&quot;background_motion_fx_motion_fx_scrolling&quot;:&quot;yes&quot;,&quot;background_motion_fx_scale_effect&quot;:&quot;yes&quot;,&quot;background_motion_fx_scale_direction&quot;:&quot;in-out&quot;,&quot;background_motion_fx_scale_range&quot;:{&quot;unit&quot;:&quot;%&quot;,&quot;size&quot;:&quot;&quot;,&quot;sizes&quot;:{&quot;start&quot;:0,&quot;end&quot;:50}},&quot;background_motion_fx_scale_speed&quot;:{&quot;unit&quot;:&quot;px&quot;,&quot;size&quot;:4,&quot;sizes&quot;:[]},&quot;background_motion_fx_devices&quot;:[&quot;desktop&quot;,&quot;tablet&quot;,&quot;mobile&quot;]}\">\n\t\t\t\t<\/div>\n\t\t\t\t<\/div>\n\t\t<div class=\"elementor-element elementor-element-9a95a43 e-con-full e-flex e-con e-child\" data-id=\"9a95a43\" data-element_type=\"container\" data-e-type=\"container\">\n\t\t<div class=\"elementor-element elementor-element-9d403af e-con-full e-flex e-con e-child\" data-id=\"9d403af\" data-element_type=\"container\" data-e-type=\"container\">\n\t\t\t\t<div class=\"elementor-element elementor-element-c3ccbf8 elementor-widget elementor-widget-heading\" data-id=\"c3ccbf8\" data-element_type=\"widget\" data-e-type=\"widget\" data-widget_type=\"heading.default\">\n\t\t\t\t<div class=\"elementor-widget-container\">\n\t\t\t\t\t<h2 class=\"elementor-heading-title elementor-size-default\">Exercices pratiques<\/h2>\t\t\t\t<\/div>\n\t\t\t\t<\/div>\n\t\t\t\t<div class=\"elementor-element elementor-element-5466f61 elementor-widget__width-initial elementor-widget elementor-widget-text-editor\" data-id=\"5466f61\" data-element_type=\"widget\" data-e-type=\"widget\" data-widget_type=\"text-editor.default\">\n\t\t\t\t<div class=\"elementor-widget-container\">\n\t\t\t\t\t\t\t\t\t<p><strong>Purification du pendule<\/strong><\/p><p>Si vous avez achet\u00e9 un pendule en bois HOWOOD, nul besoin de le nettoyer, le bois ne charge pas.\u00a0<\/p><p>Pour tout autre mati\u00e8re vous pouvez choisir l\u2019un des moyens suivants :<\/p><ul><li>Encens : Passez lentement le pendule dans la fum\u00e9e en disant :<\/li><\/ul><p><em>\u00ab Je lib\u00e8re toute \u00e9nergie ant\u00e9rieure. Je purifie ce pendule pour qu\u2019il soit neutre et r\u00e9ceptif \u00e0 ma vibration. \u00bb <\/em><\/p><ul><li>Eau : Passez-le rapidement sous l\u2019eau clair.<\/li><li>Souffle et intention : Tenez le pendule entre vos paumes, soufflez doucement dessus, puis dites votre intention \u00e0 voix haute ou en silence.<\/li><\/ul><p><strong>Prise en main et Connexion \u00e9nerg\u00e9tique<\/strong><\/p><p>1. Asseyez-vous confortablement, les deux pieds bien ancr\u00e9s au sol.<br \/>2. Tenez votre pendule dans la main dominante (celle avec laquelle vous \u00e9crivez).<br \/>3. Fermez les yeux. Inspirez profond\u00e9ment 3 fois.<br \/>4. Visualisez une lumi\u00e8re douce (blanche ou dor\u00e9e) reliant votre c\u0153ur \u00e0 votre main, puis au pendule.<br \/>5. Dites \u00e0 voix haute ou int\u00e9rieurement :<\/p><p><em>\u00ab Je me relie \u00e0 toi. Je t\u2019accueille comme un outil sacr\u00e9 d\u2019exploration, de guidance et de v\u00e9rit\u00e9. \u00bb<\/em><\/p><p>Laissez le pendule reposer dans votre main quelques instants, le temps que la connexion s\u2019installe.<\/p><p><strong>Calibration initiale (Convention)<\/strong><\/p><p>1. Tenez le pendule au-dessus de votre paume ouverte ou d\u2019une surface neutre.<br \/>2. Dites :<\/p><p><em>\u00ab Donne-moi un OUI \u00bb<\/em> \u2192 Observez le mouvement, souvent dans le sens circulaire des aiguilles du montre.<br \/><em>\u00ab Donne-moi un NON \u00bb sens inverse des aiguilles d&rsquo;une montre.<\/em><br \/><em>\u00ab Donne-moi un NEUTRE \u00bb<\/em><\/p><p>3. M\u00e9morisez ou notez ces mouvements dans un carnet pour les retrouver\u00a0<\/p><p>4. Remerciez votre pendule<\/p>\t\t\t\t\t\t\t\t<\/div>\n\t\t\t\t<\/div>\n\t\t\t\t<\/div>\n\t\t\t\t<\/div>\n\t\t\t\t\t<\/div>\n\t\t\t\t<\/div>\n\t\t<div class=\"elementor-element elementor-element-c994e0d e-flex e-con-boxed e-con e-parent\" data-id=\"c994e0d\" data-element_type=\"container\" data-e-type=\"container\">\n\t\t\t\t\t<div class=\"e-con-inner\">\n\t\t\t\t<div class=\"elementor-element elementor-element-671b4a0 elementor-widget elementor-widget-text-editor\" data-id=\"671b4a0\" data-element_type=\"widget\" data-e-type=\"widget\" data-widget_type=\"text-editor.default\">\n\t\t\t\t<div class=\"elementor-widget-container\">\n\t\t\t\t\t\t\t\t\t<p>Si vous souhaitez en savoir plus sur la Radiesth\u00e9sie Moderne je vous invite \u00e0 d\u00e9couvrir la cha\u00eene youtube <a href=\"https:\/\/www.youtube.com\/watch?v=YBHWSP8X5c4&amp;t=2s\">\u00ab\u00a0Radiesth\u00e9sie \u00c9tonnante\u00a0\u00bb<\/a>.<\/p><p>Et pour aller plus loin Il est possible de suivre une formation m\u00eame \u00e0 distance en <a href=\"https:\/\/reviha.org\/formation-au-pendule-de-radiesthesie-physique\/\">cliquant ici<\/a> :\u00a0<\/p>\t\t\t\t\t\t\t\t<\/div>\n\t\t\t\t<\/div>\n\t\t\t\t\t<\/div>\n\t\t\t\t<\/div>\n\t\t\t\t<\/div>\n\t\t","protected":false},"excerpt":{"rendered":"<p>Qu&rsquo;est-ce que la radiesth\u00e9sie ? Qu\u2019est-ce que la radiesth\u00e9sie ? La radiesth\u00e9sie est une pratique ancestrale qui consiste \u00e0 utiliser un outil \u2014 le plus souvent un pendule ou des baguettes \u2014 pour obtenir des informations gr\u00e2ce \u00e0 l\u2019observation de leurs mouvements.Elle s\u2019appuie sur l\u2019id\u00e9e que tout \u00eatre vivant, objet ou lieu \u00e9met une forme [&hellip;]<\/p>\n","protected":false},"author":2,"featured_media":0,"parent":0,"menu_order":0,"comment_status":"closed","ping_status":"closed","template":"","meta":{"footnotes":""},"class_list":["post-2470","page","type-page","status-publish","hentry"],"yoast_head":"<!-- This site is optimized with the Yoast SEO plugin v27.3 - https:\/\/yoast.com\/product\/yoast-seo-wordpress\/ -->\n<title>La radiesth\u00e9sie - HoWood<\/title>\n<meta name=\"robots\" content=\"index, follow, max-snippet:-1, max-image-preview:large, max-video-preview:-1\" \/>\n<link rel=\"canonical\" href=\"https:\/\/howood.fr\/index.php\/la-radiesthesie\/\" \/>\n<meta property=\"og:locale\" content=\"fr_FR\" \/>\n<meta property=\"og:type\" content=\"article\" \/>\n<meta property=\"og:title\" content=\"La radiesth\u00e9sie - HoWood\" \/>\n<meta property=\"og:description\" content=\"Qu&rsquo;est-ce que la radiesth\u00e9sie ? Qu\u2019est-ce que la radiesth\u00e9sie ? La radiesth\u00e9sie est une pratique ancestrale qui consiste \u00e0 utiliser un outil \u2014 le plus souvent un pendule ou des baguettes \u2014 pour obtenir des informations gr\u00e2ce \u00e0 l\u2019observation de leurs mouvements.Elle s\u2019appuie sur l\u2019id\u00e9e que tout \u00eatre vivant, objet ou lieu \u00e9met une forme [&hellip;]\" \/>\n<meta property=\"og:url\" content=\"https:\/\/howood.fr\/index.php\/la-radiesthesie\/\" \/>\n<meta property=\"og:site_name\" content=\"HoWood\" \/>\n<meta property=\"article:modified_time\" content=\"2026-01-04T21:55:12+00:00\" \/>\n<meta property=\"og:image\" content=\"https:\/\/howood.fr\/wp-content\/uploads\/2024\/10\/cropped-logo-HW-300.webp\" \/>\n\t<meta property=\"og:image:width\" content=\"512\" \/>\n\t<meta property=\"og:image:height\" content=\"512\" \/>\n\t<meta property=\"og:image:type\" content=\"image\/webp\" \/>\n<meta name=\"twitter:card\" content=\"summary_large_image\" \/>\n<meta name=\"twitter:label1\" content=\"Dur\u00e9e de lecture estim\u00e9e\" \/>\n\t<meta name=\"twitter:data1\" content=\"3 minutes\" \/>\n<script type=\"application\/ld+json\" class=\"yoast-schema-graph\">{\"@context\":\"https:\\\/\\\/schema.org\",\"@graph\":[{\"@type\":\"WebPage\",\"@id\":\"https:\\\/\\\/howood.fr\\\/index.php\\\/la-radiesthesie\\\/\",\"url\":\"https:\\\/\\\/howood.fr\\\/index.php\\\/la-radiesthesie\\\/\",\"name\":\"La radiesth\u00e9sie - HoWood\",\"isPartOf\":{\"@id\":\"https:\\\/\\\/howood.fr\\\/#website\"},\"datePublished\":\"2025-08-31T14:20:31+00:00\",\"dateModified\":\"2026-01-04T21:55:12+00:00\",\"breadcrumb\":{\"@id\":\"https:\\\/\\\/howood.fr\\\/index.php\\\/la-radiesthesie\\\/#breadcrumb\"},\"inLanguage\":\"fr-FR\",\"potentialAction\":[{\"@type\":\"ReadAction\",\"target\":[\"https:\\\/\\\/howood.fr\\\/index.php\\\/la-radiesthesie\\\/\"]}]},{\"@type\":\"BreadcrumbList\",\"@id\":\"https:\\\/\\\/howood.fr\\\/index.php\\\/la-radiesthesie\\\/#breadcrumb\",\"itemListElement\":[{\"@type\":\"ListItem\",\"position\":1,\"name\":\"Accueil\",\"item\":\"https:\\\/\\\/howood.fr\\\/\"},{\"@type\":\"ListItem\",\"position\":2,\"name\":\"La radiesth\u00e9sie\"}]},{\"@type\":\"WebSite\",\"@id\":\"https:\\\/\\\/howood.fr\\\/#website\",\"url\":\"https:\\\/\\\/howood.fr\\\/\",\"name\":\"HoWood\",\"description\":\"pendule de radiesth\u00e9sie Artisanal HoWood\",\"publisher\":{\"@id\":\"https:\\\/\\\/howood.fr\\\/#organization\"},\"potentialAction\":[{\"@type\":\"SearchAction\",\"target\":{\"@type\":\"EntryPoint\",\"urlTemplate\":\"https:\\\/\\\/howood.fr\\\/?s={search_term_string}\"},\"query-input\":{\"@type\":\"PropertyValueSpecification\",\"valueRequired\":true,\"valueName\":\"search_term_string\"}}],\"inLanguage\":\"fr-FR\"},{\"@type\":\"Organization\",\"@id\":\"https:\\\/\\\/howood.fr\\\/#organization\",\"name\":\"HoWood\",\"url\":\"https:\\\/\\\/howood.fr\\\/\",\"logo\":{\"@type\":\"ImageObject\",\"inLanguage\":\"fr-FR\",\"@id\":\"https:\\\/\\\/howood.fr\\\/#\\\/schema\\\/logo\\\/image\\\/\",\"url\":\"https:\\\/\\\/howood.fr\\\/wp-content\\\/uploads\\\/2024\\\/10\\\/logo-HW-150.webp\",\"contentUrl\":\"https:\\\/\\\/howood.fr\\\/wp-content\\\/uploads\\\/2024\\\/10\\\/logo-HW-150.webp\",\"width\":150,\"height\":150,\"caption\":\"HoWood\"},\"image\":{\"@id\":\"https:\\\/\\\/howood.fr\\\/#\\\/schema\\\/logo\\\/image\\\/\"}}]}<\/script>\n<!-- \/ Yoast SEO plugin. -->","yoast_head_json":{"title":"La radiesth\u00e9sie - HoWood","robots":{"index":"index","follow":"follow","max-snippet":"max-snippet:-1","max-image-preview":"max-image-preview:large","max-video-preview":"max-video-preview:-1"},"canonical":"https:\/\/howood.fr\/index.php\/la-radiesthesie\/","og_locale":"fr_FR","og_type":"article","og_title":"La radiesth\u00e9sie - HoWood","og_description":"Qu&rsquo;est-ce que la radiesth\u00e9sie ? Qu\u2019est-ce que la radiesth\u00e9sie ? La radiesth\u00e9sie est une pratique ancestrale qui consiste \u00e0 utiliser un outil \u2014 le plus souvent un pendule ou des baguettes \u2014 pour obtenir des informations gr\u00e2ce \u00e0 l\u2019observation de leurs mouvements.Elle s\u2019appuie sur l\u2019id\u00e9e que tout \u00eatre vivant, objet ou lieu \u00e9met une forme [&hellip;]","og_url":"https:\/\/howood.fr\/index.php\/la-radiesthesie\/","og_site_name":"HoWood","article_modified_time":"2026-01-04T21:55:12+00:00","og_image":[{"width":512,"height":512,"url":"https:\/\/howood.fr\/wp-content\/uploads\/2024\/10\/cropped-logo-HW-300.webp","type":"image\/webp"}],"twitter_card":"summary_large_image","twitter_misc":{"Dur\u00e9e de lecture estim\u00e9e":"3 minutes"},"schema":{"@context":"https:\/\/schema.org","@graph":[{"@type":"WebPage","@id":"https:\/\/howood.fr\/index.php\/la-radiesthesie\/","url":"https:\/\/howood.fr\/index.php\/la-radiesthesie\/","name":"La radiesth\u00e9sie - HoWood","isPartOf":{"@id":"https:\/\/howood.fr\/#website"},"datePublished":"2025-08-31T14:20:31+00:00","dateModified":"2026-01-04T21:55:12+00:00","breadcrumb":{"@id":"https:\/\/howood.fr\/index.php\/la-radiesthesie\/#breadcrumb"},"inLanguage":"fr-FR","potentialAction":[{"@type":"ReadAction","target":["https:\/\/howood.fr\/index.php\/la-radiesthesie\/"]}]},{"@type":"BreadcrumbList","@id":"https:\/\/howood.fr\/index.php\/la-radiesthesie\/#breadcrumb","itemListElement":[{"@type":"ListItem","position":1,"name":"Accueil","item":"https:\/\/howood.fr\/"},{"@type":"ListItem","position":2,"name":"La radiesth\u00e9sie"}]},{"@type":"WebSite","@id":"https:\/\/howood.fr\/#website","url":"https:\/\/howood.fr\/","name":"HoWood","description":"pendule de radiesth\u00e9sie Artisanal HoWood","publisher":{"@id":"https:\/\/howood.fr\/#organization"},"potentialAction":[{"@type":"SearchAction","target":{"@type":"EntryPoint","urlTemplate":"https:\/\/howood.fr\/?s={search_term_string}"},"query-input":{"@type":"PropertyValueSpecification","valueRequired":true,"valueName":"search_term_string"}}],"inLanguage":"fr-FR"},{"@type":"Organization","@id":"https:\/\/howood.fr\/#organization","name":"HoWood","url":"https:\/\/howood.fr\/","logo":{"@type":"ImageObject","inLanguage":"fr-FR","@id":"https:\/\/howood.fr\/#\/schema\/logo\/image\/","url":"https:\/\/howood.fr\/wp-content\/uploads\/2024\/10\/logo-HW-150.webp","contentUrl":"https:\/\/howood.fr\/wp-content\/uploads\/2024\/10\/logo-HW-150.webp","width":150,"height":150,"caption":"HoWood"},"image":{"@id":"https:\/\/howood.fr\/#\/schema\/logo\/image\/"}}]}},"_links":{"self":[{"href":"https:\/\/howood.fr\/index.php\/wp-json\/wp\/v2\/pages\/2470","targetHints":{"allow":["GET"]}}],"collection":[{"href":"https:\/\/howood.fr\/index.php\/wp-json\/wp\/v2\/pages"}],"about":[{"href":"https:\/\/howood.fr\/index.php\/wp-json\/wp\/v2\/types\/page"}],"author":[{"embeddable":true,"href":"https:\/\/howood.fr\/index.php\/wp-json\/wp\/v2\/users\/2"}],"replies":[{"embeddable":true,"href":"https:\/\/howood.fr\/index.php\/wp-json\/wp\/v2\/comments?post=2470"}],"version-history":[{"count":55,"href":"https:\/\/howood.fr\/index.php\/wp-json\/wp\/v2\/pages\/2470\/revisions"}],"predecessor-version":[{"id":3320,"href":"https:\/\/howood.fr\/index.php\/wp-json\/wp\/v2\/pages\/2470\/revisions\/3320"}],"wp:attachment":[{"href":"https:\/\/howood.fr\/index.php\/wp-json\/wp\/v2\/media?parent=2470"}],"curies":[{"name":"wp","href":"https:\/\/api.w.org\/{rel}","templated":true}]}}