{"id":1259,"date":"2024-11-21T17:40:54","date_gmt":"2024-11-21T16:40:54","guid":{"rendered":"https:\/\/monpendulehowood.com\/?post_type=product&#038;p=1259"},"modified":"2026-01-15T22:29:57","modified_gmt":"2026-01-15T21:29:57","slug":"pendule-artisanal-de-radiesthesie-en-if-fait-main-tournage-bois-royan-charente-maritime","status":"publish","type":"product","link":"https:\/\/howood.fr\/index.php\/produit\/pendule-artisanal-de-radiesthesie-en-if-fait-main-tournage-bois-royan-charente-maritime\/","title":{"rendered":"Pendule artisanal de radiesth\u00e9sie en if"},"content":{"rendered":"<p>Je suis un pendule en If dont le bois est une \u0153uvre d\u2019art sous l\u2019\u00e9corce. Il y avait des petites for\u00eats d\u2019if fut un temps mais pour prot\u00e9ger le b\u00e9tail de la toxicit\u00e9 de la taxine que je porte et bien on m\u2019a fait dispara\u00eetre un peu. On s\u2019est aussi servi de moi pour construire des arcs pour les batailles il y a longtemps et maintenant on se sert de moi pour des traitements m\u00e9dicaux. Les luthiers m\u2019appr\u00e9cient beaucoup\u2026<\/p>\n<p>Voudrais-tu travailler avec moi\u00a0?<\/p>\n<p><b>Mesures \u00e0 quelques variables pr\u00e8s<span class=\"Apple-converted-space\">\u00a0<\/span><\/b><\/p>\n<ul>\n<li>Hauteur\u00a0: 7cm<\/li>\n<li>Largeur\u00a0 maxi : 2,3cm<\/li>\n<li>Poids\u00a0: 11 gr<span class=\"Apple-converted-space\">\u00a0<\/span><\/li>\n<li>Cha\u00eenette\u00a0: Acier 19 cm<\/li>\n<li>Finition\u00a0: Cire de Carnauba (cire extraite des feuilles de palmier carnauba)<\/li>\n<\/ul>\n<p><b>Livraison<\/b><\/p>\n<ul>\n<li>Frais de livraison offert pour un envoi en France M\u00e9tropolitaine (courrier suivi)<\/li>\n<\/ul>\n","protected":false},"excerpt":{"rendered":"<p>Je suis un pendule en If dont le bois est une \u0153uvre d\u2019art sous l\u2019\u00e9corce. Il y avait des petites for\u00eats d\u2019if fut un temps mais pour prot\u00e9ger le b\u00e9tail de la toxicit\u00e9 de la taxine que je porte et bien on m\u2019a fait dispara\u00eetre un peu. On s\u2019est aussi servi de moi pour construire [&hellip;]<\/p>\n","protected":false},"featured_media":1238,"comment_status":"open","ping_status":"closed","template":"","meta":[],"product_brand":[],"product_cat":[32],"product_tag":[34,43,33],"class_list":{"0":"post-1259","1":"product","2":"type-product","3":"status-publish","4":"has-post-thumbnail","6":"product_cat-pendules-de-radiesthesie","7":"product_tag-bois","8":"product_tag-if","9":"product_tag-pendule","10":"product_shipping_class-pendules-colliers-porte-cles-stylo-a-bille-stylo-a-plume","12":"first","13":"instock","14":"sold-individually","15":"taxable","16":"shipping-taxable","17":"purchasable","18":"product-type-simple"},"yoast_head":"<!-- This site is optimized with the Yoast SEO plugin v27.3 - https:\/\/yoast.com\/product\/yoast-seo-wordpress\/ -->\n<title>Pendule artisanal de radiesth\u00e9sie en if - HoWood<\/title>\n<meta name=\"description\" content=\"\u201cD\u00e9couvrez votre futur pendule en If, un bois rare et pr\u00e9cieux, sublim\u00e9 en un outil spirituel unique. \u00c9l\u00e9gance, histoire et naturalit\u00e9 r\u00e9unies.\u201d\" \/>\n<meta name=\"robots\" content=\"index, follow, max-snippet:-1, max-image-preview:large, max-video-preview:-1\" \/>\n<link rel=\"canonical\" href=\"https:\/\/howood.fr\/index.php\/produit\/pendule-artisanal-de-radiesthesie-en-if-fait-main-tournage-bois-royan-charente-maritime\/\" \/>\n<meta property=\"og:locale\" content=\"fr_FR\" \/>\n<meta property=\"og:type\" content=\"article\" \/>\n<meta property=\"og:title\" content=\"Pendule artisanal de radiesth\u00e9sie en if - HoWood\" \/>\n<meta property=\"og:description\" content=\"\u201cD\u00e9couvrez votre futur pendule en If, un bois rare et pr\u00e9cieux, sublim\u00e9 en un outil spirituel unique. \u00c9l\u00e9gance, histoire et naturalit\u00e9 r\u00e9unies.\u201d\" \/>\n<meta property=\"og:url\" content=\"https:\/\/howood.fr\/index.php\/produit\/pendule-artisanal-de-radiesthesie-en-if-fait-main-tournage-bois-royan-charente-maritime\/\" \/>\n<meta property=\"og:site_name\" content=\"HoWood\" \/>\n<meta property=\"article:modified_time\" content=\"2026-01-15T21:29:57+00:00\" \/>\n<meta property=\"og:image\" content=\"https:\/\/howood.fr\/wp-content\/uploads\/2024\/11\/1124.10-If-2.jpg\" \/>\n\t<meta property=\"og:image:width\" content=\"1080\" \/>\n\t<meta property=\"og:image:height\" content=\"1080\" \/>\n\t<meta property=\"og:image:type\" content=\"image\/jpeg\" \/>\n<meta name=\"twitter:card\" content=\"summary_large_image\" \/>\n<meta name=\"twitter:label1\" content=\"Dur\u00e9e de lecture estim\u00e9e\" \/>\n\t<meta name=\"twitter:data1\" content=\"1 minute\" \/>\n<script type=\"application\/ld+json\" class=\"yoast-schema-graph\">{\"@context\":\"https:\\\/\\\/schema.org\",\"@graph\":[{\"@type\":\"WebPage\",\"@id\":\"https:\\\/\\\/howood.fr\\\/index.php\\\/produit\\\/pendule-artisanal-de-radiesthesie-en-if-fait-main-tournage-bois-royan-charente-maritime\\\/\",\"url\":\"https:\\\/\\\/howood.fr\\\/index.php\\\/produit\\\/pendule-artisanal-de-radiesthesie-en-if-fait-main-tournage-bois-royan-charente-maritime\\\/\",\"name\":\"Pendule artisanal de radiesth\u00e9sie en if - HoWood\",\"isPartOf\":{\"@id\":\"https:\\\/\\\/howood.fr\\\/#website\"},\"primaryImageOfPage\":{\"@id\":\"https:\\\/\\\/howood.fr\\\/index.php\\\/produit\\\/pendule-artisanal-de-radiesthesie-en-if-fait-main-tournage-bois-royan-charente-maritime\\\/#primaryimage\"},\"image\":{\"@id\":\"https:\\\/\\\/howood.fr\\\/index.php\\\/produit\\\/pendule-artisanal-de-radiesthesie-en-if-fait-main-tournage-bois-royan-charente-maritime\\\/#primaryimage\"},\"thumbnailUrl\":\"https:\\\/\\\/howood.fr\\\/wp-content\\\/uploads\\\/2024\\\/11\\\/1124.10-If-2.jpg\",\"datePublished\":\"2024-11-21T16:40:54+00:00\",\"dateModified\":\"2026-01-15T21:29:57+00:00\",\"description\":\"\u201cD\u00e9couvrez votre futur pendule en If, un bois rare et pr\u00e9cieux, sublim\u00e9 en un outil spirituel unique. \u00c9l\u00e9gance, histoire et naturalit\u00e9 r\u00e9unies.\u201d\",\"breadcrumb\":{\"@id\":\"https:\\\/\\\/howood.fr\\\/index.php\\\/produit\\\/pendule-artisanal-de-radiesthesie-en-if-fait-main-tournage-bois-royan-charente-maritime\\\/#breadcrumb\"},\"inLanguage\":\"fr-FR\",\"potentialAction\":[{\"@type\":\"ReadAction\",\"target\":[\"https:\\\/\\\/howood.fr\\\/index.php\\\/produit\\\/pendule-artisanal-de-radiesthesie-en-if-fait-main-tournage-bois-royan-charente-maritime\\\/\"]}]},{\"@type\":\"ImageObject\",\"inLanguage\":\"fr-FR\",\"@id\":\"https:\\\/\\\/howood.fr\\\/index.php\\\/produit\\\/pendule-artisanal-de-radiesthesie-en-if-fait-main-tournage-bois-royan-charente-maritime\\\/#primaryimage\",\"url\":\"https:\\\/\\\/howood.fr\\\/wp-content\\\/uploads\\\/2024\\\/11\\\/1124.10-If-2.jpg\",\"contentUrl\":\"https:\\\/\\\/howood.fr\\\/wp-content\\\/uploads\\\/2024\\\/11\\\/1124.10-If-2.jpg\",\"width\":1080,\"height\":1080,\"caption\":\"Pendule artisanal de radiesth\u00e9sie en If avec chainette\"},{\"@type\":\"BreadcrumbList\",\"@id\":\"https:\\\/\\\/howood.fr\\\/index.php\\\/produit\\\/pendule-artisanal-de-radiesthesie-en-if-fait-main-tournage-bois-royan-charente-maritime\\\/#breadcrumb\",\"itemListElement\":[{\"@type\":\"ListItem\",\"position\":1,\"name\":\"Accueil\",\"item\":\"https:\\\/\\\/howood.fr\\\/\"},{\"@type\":\"ListItem\",\"position\":2,\"name\":\"Produits\",\"item\":\"https:\\\/\\\/howood.fr\\\/index.php\\\/shop\\\/\"},{\"@type\":\"ListItem\",\"position\":3,\"name\":\"Pendule artisanal de radiesth\u00e9sie en if\"}]},{\"@type\":\"WebSite\",\"@id\":\"https:\\\/\\\/howood.fr\\\/#website\",\"url\":\"https:\\\/\\\/howood.fr\\\/\",\"name\":\"HoWood\",\"description\":\"pendule de radiesth\u00e9sie Artisanal HoWood\",\"publisher\":{\"@id\":\"https:\\\/\\\/howood.fr\\\/#organization\"},\"potentialAction\":[{\"@type\":\"SearchAction\",\"target\":{\"@type\":\"EntryPoint\",\"urlTemplate\":\"https:\\\/\\\/howood.fr\\\/?s={search_term_string}\"},\"query-input\":{\"@type\":\"PropertyValueSpecification\",\"valueRequired\":true,\"valueName\":\"search_term_string\"}}],\"inLanguage\":\"fr-FR\"},{\"@type\":\"Organization\",\"@id\":\"https:\\\/\\\/howood.fr\\\/#organization\",\"name\":\"HoWood\",\"url\":\"https:\\\/\\\/howood.fr\\\/\",\"logo\":{\"@type\":\"ImageObject\",\"inLanguage\":\"fr-FR\",\"@id\":\"https:\\\/\\\/howood.fr\\\/#\\\/schema\\\/logo\\\/image\\\/\",\"url\":\"https:\\\/\\\/howood.fr\\\/wp-content\\\/uploads\\\/2024\\\/10\\\/logo-HW-150.webp\",\"contentUrl\":\"https:\\\/\\\/howood.fr\\\/wp-content\\\/uploads\\\/2024\\\/10\\\/logo-HW-150.webp\",\"width\":150,\"height\":150,\"caption\":\"HoWood\"},\"image\":{\"@id\":\"https:\\\/\\\/howood.fr\\\/#\\\/schema\\\/logo\\\/image\\\/\"}}]}<\/script>\n<!-- \/ Yoast SEO plugin. -->","yoast_head_json":{"title":"Pendule artisanal de radiesth\u00e9sie en if - HoWood","description":"\u201cD\u00e9couvrez votre futur pendule en If, un bois rare et pr\u00e9cieux, sublim\u00e9 en un outil spirituel unique. \u00c9l\u00e9gance, histoire et naturalit\u00e9 r\u00e9unies.\u201d","robots":{"index":"index","follow":"follow","max-snippet":"max-snippet:-1","max-image-preview":"max-image-preview:large","max-video-preview":"max-video-preview:-1"},"canonical":"https:\/\/howood.fr\/index.php\/produit\/pendule-artisanal-de-radiesthesie-en-if-fait-main-tournage-bois-royan-charente-maritime\/","og_locale":"fr_FR","og_type":"article","og_title":"Pendule artisanal de radiesth\u00e9sie en if - HoWood","og_description":"\u201cD\u00e9couvrez votre futur pendule en If, un bois rare et pr\u00e9cieux, sublim\u00e9 en un outil spirituel unique. \u00c9l\u00e9gance, histoire et naturalit\u00e9 r\u00e9unies.\u201d","og_url":"https:\/\/howood.fr\/index.php\/produit\/pendule-artisanal-de-radiesthesie-en-if-fait-main-tournage-bois-royan-charente-maritime\/","og_site_name":"HoWood","article_modified_time":"2026-01-15T21:29:57+00:00","og_image":[{"width":1080,"height":1080,"url":"https:\/\/howood.fr\/wp-content\/uploads\/2024\/11\/1124.10-If-2.jpg","type":"image\/jpeg"}],"twitter_card":"summary_large_image","twitter_misc":{"Dur\u00e9e de lecture estim\u00e9e":"1 minute"},"schema":{"@context":"https:\/\/schema.org","@graph":[{"@type":"WebPage","@id":"https:\/\/howood.fr\/index.php\/produit\/pendule-artisanal-de-radiesthesie-en-if-fait-main-tournage-bois-royan-charente-maritime\/","url":"https:\/\/howood.fr\/index.php\/produit\/pendule-artisanal-de-radiesthesie-en-if-fait-main-tournage-bois-royan-charente-maritime\/","name":"Pendule artisanal de radiesth\u00e9sie en if - HoWood","isPartOf":{"@id":"https:\/\/howood.fr\/#website"},"primaryImageOfPage":{"@id":"https:\/\/howood.fr\/index.php\/produit\/pendule-artisanal-de-radiesthesie-en-if-fait-main-tournage-bois-royan-charente-maritime\/#primaryimage"},"image":{"@id":"https:\/\/howood.fr\/index.php\/produit\/pendule-artisanal-de-radiesthesie-en-if-fait-main-tournage-bois-royan-charente-maritime\/#primaryimage"},"thumbnailUrl":"https:\/\/howood.fr\/wp-content\/uploads\/2024\/11\/1124.10-If-2.jpg","datePublished":"2024-11-21T16:40:54+00:00","dateModified":"2026-01-15T21:29:57+00:00","description":"\u201cD\u00e9couvrez votre futur pendule en If, un bois rare et pr\u00e9cieux, sublim\u00e9 en un outil spirituel unique. \u00c9l\u00e9gance, histoire et naturalit\u00e9 r\u00e9unies.\u201d","breadcrumb":{"@id":"https:\/\/howood.fr\/index.php\/produit\/pendule-artisanal-de-radiesthesie-en-if-fait-main-tournage-bois-royan-charente-maritime\/#breadcrumb"},"inLanguage":"fr-FR","potentialAction":[{"@type":"ReadAction","target":["https:\/\/howood.fr\/index.php\/produit\/pendule-artisanal-de-radiesthesie-en-if-fait-main-tournage-bois-royan-charente-maritime\/"]}]},{"@type":"ImageObject","inLanguage":"fr-FR","@id":"https:\/\/howood.fr\/index.php\/produit\/pendule-artisanal-de-radiesthesie-en-if-fait-main-tournage-bois-royan-charente-maritime\/#primaryimage","url":"https:\/\/howood.fr\/wp-content\/uploads\/2024\/11\/1124.10-If-2.jpg","contentUrl":"https:\/\/howood.fr\/wp-content\/uploads\/2024\/11\/1124.10-If-2.jpg","width":1080,"height":1080,"caption":"Pendule artisanal de radiesth\u00e9sie en If avec chainette"},{"@type":"BreadcrumbList","@id":"https:\/\/howood.fr\/index.php\/produit\/pendule-artisanal-de-radiesthesie-en-if-fait-main-tournage-bois-royan-charente-maritime\/#breadcrumb","itemListElement":[{"@type":"ListItem","position":1,"name":"Accueil","item":"https:\/\/howood.fr\/"},{"@type":"ListItem","position":2,"name":"Produits","item":"https:\/\/howood.fr\/index.php\/shop\/"},{"@type":"ListItem","position":3,"name":"Pendule artisanal de radiesth\u00e9sie en if"}]},{"@type":"WebSite","@id":"https:\/\/howood.fr\/#website","url":"https:\/\/howood.fr\/","name":"HoWood","description":"pendule de radiesth\u00e9sie Artisanal HoWood","publisher":{"@id":"https:\/\/howood.fr\/#organization"},"potentialAction":[{"@type":"SearchAction","target":{"@type":"EntryPoint","urlTemplate":"https:\/\/howood.fr\/?s={search_term_string}"},"query-input":{"@type":"PropertyValueSpecification","valueRequired":true,"valueName":"search_term_string"}}],"inLanguage":"fr-FR"},{"@type":"Organization","@id":"https:\/\/howood.fr\/#organization","name":"HoWood","url":"https:\/\/howood.fr\/","logo":{"@type":"ImageObject","inLanguage":"fr-FR","@id":"https:\/\/howood.fr\/#\/schema\/logo\/image\/","url":"https:\/\/howood.fr\/wp-content\/uploads\/2024\/10\/logo-HW-150.webp","contentUrl":"https:\/\/howood.fr\/wp-content\/uploads\/2024\/10\/logo-HW-150.webp","width":150,"height":150,"caption":"HoWood"},"image":{"@id":"https:\/\/howood.fr\/#\/schema\/logo\/image\/"}}]}},"_links":{"self":[{"href":"https:\/\/howood.fr\/index.php\/wp-json\/wp\/v2\/product\/1259","targetHints":{"allow":["GET"]}}],"collection":[{"href":"https:\/\/howood.fr\/index.php\/wp-json\/wp\/v2\/product"}],"about":[{"href":"https:\/\/howood.fr\/index.php\/wp-json\/wp\/v2\/types\/product"}],"replies":[{"embeddable":true,"href":"https:\/\/howood.fr\/index.php\/wp-json\/wp\/v2\/comments?post=1259"}],"version-history":[{"count":1,"href":"https:\/\/howood.fr\/index.php\/wp-json\/wp\/v2\/product\/1259\/revisions"}],"predecessor-version":[{"id":1260,"href":"https:\/\/howood.fr\/index.php\/wp-json\/wp\/v2\/product\/1259\/revisions\/1260"}],"wp:featuredmedia":[{"embeddable":true,"href":"https:\/\/howood.fr\/index.php\/wp-json\/wp\/v2\/media\/1238"}],"wp:attachment":[{"href":"https:\/\/howood.fr\/index.php\/wp-json\/wp\/v2\/media?parent=1259"}],"wp:term":[{"taxonomy":"product_brand","embeddable":true,"href":"https:\/\/howood.fr\/index.php\/wp-json\/wp\/v2\/product_brand?post=1259"},{"taxonomy":"product_cat","embeddable":true,"href":"https:\/\/howood.fr\/index.php\/wp-json\/wp\/v2\/product_cat?post=1259"},{"taxonomy":"product_tag","embeddable":true,"href":"https:\/\/howood.fr\/index.php\/wp-json\/wp\/v2\/product_tag?post=1259"}],"curies":[{"name":"wp","href":"https:\/\/api.w.org\/{rel}","templated":true}]}}