{"id":2318,"date":"2025-07-19T16:17:06","date_gmt":"2025-07-19T14:17:06","guid":{"rendered":"https:\/\/howood.fr\/?post_type=product&#038;p=2318"},"modified":"2026-02-09T20:40:00","modified_gmt":"2026-02-09T19:40:00","slug":"pendule-radiesthesie-catalyseur-en-bois-dabricotier-corinne-ligeard-baguette-sourcier-divinatoire","status":"publish","type":"product","link":"https:\/\/howood.fr\/index.php\/produit\/pendule-radiesthesie-catalyseur-en-bois-dabricotier-corinne-ligeard-baguette-sourcier-divinatoire\/","title":{"rendered":"PENDULE \u00ab\u00a0d\u00e9co\u00a0\u00bb en ABRICOTIER"},"content":{"rendered":"<div class=\"elementor-element elementor-element-1c49f7e4 elementor-widget__width-initial elementor-widget elementor-widget-woocommerce-product-content\" data-id=\"1c49f7e4\" data-element_type=\"widget\" data-widget_type=\"woocommerce-product-content.default\">\n<div class=\"elementor-widget-container\">\n<p>Je m&rsquo;appelle ALBATOR pendule et catalyseur insolite, cr\u00e9ation unique en son genre.<\/p>\n<p>La cr\u00e9ation est \u00e0 l&rsquo;image de son arbre tomb\u00e9 <img decoding=\"async\" class=\"emoji\" role=\"img\" draggable=\"false\" src=\"https:\/\/s.w.org\/images\/core\/emoji\/16.0.1\/svg\/1f333.svg\" alt=\"\ud83c\udf33\" \/> La cicatrice honore sa vie d&rsquo;avant, de maintenant et d&rsquo;apr\u00e8s <img decoding=\"async\" class=\"emoji\" role=\"img\" draggable=\"false\" src=\"https:\/\/s.w.org\/images\/core\/emoji\/16.0.1\/svg\/2728.svg\" alt=\"\u2728\" \/><\/p>\n<p><b>Mesures \u00e0 quelques variables pr\u00e8s <\/b><\/p>\n<ul>\n<li>Hauteur : 22 cm<\/li>\n<li>Largeur\u00a0 maxi : 9 cm<\/li>\n<li>Poids :\u00a0 390 gr<\/li>\n<li>Cha\u00eenette : corde naturelle<\/li>\n<\/ul>\n<p>Finition\u00a0: Cire de Carnauba (cire extraite des feuilles de palmier carnauba)<\/p>\n<p><b>Livraison <\/b><\/p>\n<p>L&rsquo;\u0152uvre est \u00e0 vendre \u00e0 190\u20ac pas directement sur ce site mais apr\u00e8s un entretien t\u00e9l\u00e9phonique. Id\u00e9alement \u00e0 retirer sur place \u00e0 mon Atelier de tournage \u00e0 Royan. C&rsquo;est une tr\u00e8s belle pi\u00e8ce. Tr\u00e8s touchante.<\/p>\n<\/div>\n<\/div>\n","protected":false},"excerpt":{"rendered":"<p>Je m&rsquo;appelle ALBATOR pendule et catalyseur insolite, cr\u00e9ation unique en son genre. La cr\u00e9ation est \u00e0 l&rsquo;image de son arbre tomb\u00e9 La cicatrice honore sa vie d&rsquo;avant, de maintenant et d&rsquo;apr\u00e8s Mesures \u00e0 quelques variables pr\u00e8s Hauteur : 22 cm Largeur\u00a0 maxi : 9 cm Poids :\u00a0 390 gr Cha\u00eenette : corde naturelle Finition\u00a0: Cire [&hellip;]<\/p>\n","protected":false},"featured_media":2309,"comment_status":"closed","ping_status":"closed","template":"","meta":[],"product_brand":[],"product_cat":[61],"product_tag":[36,34,33,66],"class_list":{"0":"post-2318","1":"product","2":"type-product","3":"status-publish","4":"has-post-thumbnail","6":"product_cat-pendule-catalyseur","7":"product_tag-abricotier","8":"product_tag-bois","9":"product_tag-pendule","10":"product_tag-radiesthesie","11":"product_shipping_class-pendules-colliers-porte-cles-stylo-a-bille-stylo-a-plume","13":"first","14":"instock","15":"sold-individually","16":"product-type-simple"},"yoast_head":"<!-- This site is optimized with the Yoast SEO plugin v27.4 - https:\/\/yoast.com\/product\/yoast-seo-wordpress\/ -->\n<title>PENDULE &quot;d\u00e9co&quot; en ABRICOTIER - HoWood<\/title>\n<meta name=\"description\" content=\"Pendule de radiesth\u00e9sie unique, d\u00e9coration en bois d&#039;abricotier de Royan. Peut-\u00eatre le v\u00f4tre \u00e0 poser dans votre salle de soin ou entre vos mains.\" \/>\n<meta name=\"robots\" content=\"index, follow, max-snippet:-1, max-image-preview:large, max-video-preview:-1\" \/>\n<link rel=\"canonical\" href=\"https:\/\/howood.fr\/index.php\/produit\/pendule-radiesthesie-catalyseur-en-bois-dabricotier-corinne-ligeard-baguette-sourcier-divinatoire\/\" \/>\n<meta property=\"og:locale\" content=\"fr_FR\" \/>\n<meta property=\"og:type\" content=\"article\" \/>\n<meta property=\"og:title\" content=\"PENDULE &quot;d\u00e9co&quot; en ABRICOTIER - HoWood\" \/>\n<meta property=\"og:description\" content=\"Pendule de radiesth\u00e9sie unique, d\u00e9coration en bois d&#039;abricotier de Royan. Peut-\u00eatre le v\u00f4tre \u00e0 poser dans votre salle de soin ou entre vos mains.\" \/>\n<meta property=\"og:url\" content=\"https:\/\/howood.fr\/index.php\/produit\/pendule-radiesthesie-catalyseur-en-bois-dabricotier-corinne-ligeard-baguette-sourcier-divinatoire\/\" \/>\n<meta property=\"og:site_name\" content=\"HoWood\" \/>\n<meta property=\"article:modified_time\" content=\"2026-02-09T19:40:00+00:00\" \/>\n<meta property=\"og:image\" content=\"https:\/\/howood.fr\/wp-content\/uploads\/2025\/07\/Ref.-072501-Albator-abricot-1.jpg\" \/>\n\t<meta property=\"og:image:width\" content=\"806\" \/>\n\t<meta property=\"og:image:height\" content=\"1033\" \/>\n\t<meta property=\"og:image:type\" content=\"image\/jpeg\" \/>\n<meta name=\"twitter:card\" content=\"summary_large_image\" \/>\n<meta name=\"twitter:label1\" content=\"Dur\u00e9e de lecture estim\u00e9e\" \/>\n\t<meta name=\"twitter:data1\" content=\"2 minutes\" \/>\n<script type=\"application\/ld+json\" class=\"yoast-schema-graph\">{\"@context\":\"https:\\\/\\\/schema.org\",\"@graph\":[{\"@type\":\"WebPage\",\"@id\":\"https:\\\/\\\/howood.fr\\\/index.php\\\/produit\\\/pendule-radiesthesie-catalyseur-en-bois-dabricotier-corinne-ligeard-baguette-sourcier-divinatoire\\\/\",\"url\":\"https:\\\/\\\/howood.fr\\\/index.php\\\/produit\\\/pendule-radiesthesie-catalyseur-en-bois-dabricotier-corinne-ligeard-baguette-sourcier-divinatoire\\\/\",\"name\":\"PENDULE \\\"d\u00e9co\\\" en ABRICOTIER - HoWood\",\"isPartOf\":{\"@id\":\"https:\\\/\\\/howood.fr\\\/#website\"},\"primaryImageOfPage\":{\"@id\":\"https:\\\/\\\/howood.fr\\\/index.php\\\/produit\\\/pendule-radiesthesie-catalyseur-en-bois-dabricotier-corinne-ligeard-baguette-sourcier-divinatoire\\\/#primaryimage\"},\"image\":{\"@id\":\"https:\\\/\\\/howood.fr\\\/index.php\\\/produit\\\/pendule-radiesthesie-catalyseur-en-bois-dabricotier-corinne-ligeard-baguette-sourcier-divinatoire\\\/#primaryimage\"},\"thumbnailUrl\":\"https:\\\/\\\/howood.fr\\\/wp-content\\\/uploads\\\/2025\\\/07\\\/Ref.-072501-Albator-abricot-1.jpg\",\"datePublished\":\"2025-07-19T14:17:06+00:00\",\"dateModified\":\"2026-02-09T19:40:00+00:00\",\"description\":\"Pendule de radiesth\u00e9sie unique, d\u00e9coration en bois d'abricotier de Royan. Peut-\u00eatre le v\u00f4tre \u00e0 poser dans votre salle de soin ou entre vos mains.\",\"breadcrumb\":{\"@id\":\"https:\\\/\\\/howood.fr\\\/index.php\\\/produit\\\/pendule-radiesthesie-catalyseur-en-bois-dabricotier-corinne-ligeard-baguette-sourcier-divinatoire\\\/#breadcrumb\"},\"inLanguage\":\"fr-FR\",\"potentialAction\":[{\"@type\":\"ReadAction\",\"target\":[\"https:\\\/\\\/howood.fr\\\/index.php\\\/produit\\\/pendule-radiesthesie-catalyseur-en-bois-dabricotier-corinne-ligeard-baguette-sourcier-divinatoire\\\/\"]}]},{\"@type\":\"ImageObject\",\"inLanguage\":\"fr-FR\",\"@id\":\"https:\\\/\\\/howood.fr\\\/index.php\\\/produit\\\/pendule-radiesthesie-catalyseur-en-bois-dabricotier-corinne-ligeard-baguette-sourcier-divinatoire\\\/#primaryimage\",\"url\":\"https:\\\/\\\/howood.fr\\\/wp-content\\\/uploads\\\/2025\\\/07\\\/Ref.-072501-Albator-abricot-1.jpg\",\"contentUrl\":\"https:\\\/\\\/howood.fr\\\/wp-content\\\/uploads\\\/2025\\\/07\\\/Ref.-072501-Albator-abricot-1.jpg\",\"width\":806,\"height\":1033,\"caption\":\"Pendule de radiesth\u00e9sie Howood en bois d'abricotier - fais mains en tournage sur bois par Corinne Ligeard\"},{\"@type\":\"BreadcrumbList\",\"@id\":\"https:\\\/\\\/howood.fr\\\/index.php\\\/produit\\\/pendule-radiesthesie-catalyseur-en-bois-dabricotier-corinne-ligeard-baguette-sourcier-divinatoire\\\/#breadcrumb\",\"itemListElement\":[{\"@type\":\"ListItem\",\"position\":1,\"name\":\"Accueil\",\"item\":\"https:\\\/\\\/howood.fr\\\/\"},{\"@type\":\"ListItem\",\"position\":2,\"name\":\"Produits\",\"item\":\"https:\\\/\\\/howood.fr\\\/index.php\\\/shop\\\/\"},{\"@type\":\"ListItem\",\"position\":3,\"name\":\"PENDULE \u00ab\u00a0d\u00e9co\u00a0\u00bb en ABRICOTIER\"}]},{\"@type\":\"WebSite\",\"@id\":\"https:\\\/\\\/howood.fr\\\/#website\",\"url\":\"https:\\\/\\\/howood.fr\\\/\",\"name\":\"HoWood\",\"description\":\"pendule de radiesth\u00e9sie Artisanal HoWood\",\"publisher\":{\"@id\":\"https:\\\/\\\/howood.fr\\\/#organization\"},\"potentialAction\":[{\"@type\":\"SearchAction\",\"target\":{\"@type\":\"EntryPoint\",\"urlTemplate\":\"https:\\\/\\\/howood.fr\\\/?s={search_term_string}\"},\"query-input\":{\"@type\":\"PropertyValueSpecification\",\"valueRequired\":true,\"valueName\":\"search_term_string\"}}],\"inLanguage\":\"fr-FR\"},{\"@type\":\"Organization\",\"@id\":\"https:\\\/\\\/howood.fr\\\/#organization\",\"name\":\"HoWood\",\"url\":\"https:\\\/\\\/howood.fr\\\/\",\"logo\":{\"@type\":\"ImageObject\",\"inLanguage\":\"fr-FR\",\"@id\":\"https:\\\/\\\/howood.fr\\\/#\\\/schema\\\/logo\\\/image\\\/\",\"url\":\"https:\\\/\\\/howood.fr\\\/wp-content\\\/uploads\\\/2024\\\/10\\\/logo-HW-150.webp\",\"contentUrl\":\"https:\\\/\\\/howood.fr\\\/wp-content\\\/uploads\\\/2024\\\/10\\\/logo-HW-150.webp\",\"width\":150,\"height\":150,\"caption\":\"HoWood\"},\"image\":{\"@id\":\"https:\\\/\\\/howood.fr\\\/#\\\/schema\\\/logo\\\/image\\\/\"}}]}<\/script>\n<!-- \/ Yoast SEO plugin. -->","yoast_head_json":{"title":"PENDULE \"d\u00e9co\" en ABRICOTIER - HoWood","description":"Pendule de radiesth\u00e9sie unique, d\u00e9coration en bois d'abricotier de Royan. Peut-\u00eatre le v\u00f4tre \u00e0 poser dans votre salle de soin ou entre vos mains.","robots":{"index":"index","follow":"follow","max-snippet":"max-snippet:-1","max-image-preview":"max-image-preview:large","max-video-preview":"max-video-preview:-1"},"canonical":"https:\/\/howood.fr\/index.php\/produit\/pendule-radiesthesie-catalyseur-en-bois-dabricotier-corinne-ligeard-baguette-sourcier-divinatoire\/","og_locale":"fr_FR","og_type":"article","og_title":"PENDULE \"d\u00e9co\" en ABRICOTIER - HoWood","og_description":"Pendule de radiesth\u00e9sie unique, d\u00e9coration en bois d'abricotier de Royan. Peut-\u00eatre le v\u00f4tre \u00e0 poser dans votre salle de soin ou entre vos mains.","og_url":"https:\/\/howood.fr\/index.php\/produit\/pendule-radiesthesie-catalyseur-en-bois-dabricotier-corinne-ligeard-baguette-sourcier-divinatoire\/","og_site_name":"HoWood","article_modified_time":"2026-02-09T19:40:00+00:00","og_image":[{"width":806,"height":1033,"url":"https:\/\/howood.fr\/wp-content\/uploads\/2025\/07\/Ref.-072501-Albator-abricot-1.jpg","type":"image\/jpeg"}],"twitter_card":"summary_large_image","twitter_misc":{"Dur\u00e9e de lecture estim\u00e9e":"2 minutes"},"schema":{"@context":"https:\/\/schema.org","@graph":[{"@type":"WebPage","@id":"https:\/\/howood.fr\/index.php\/produit\/pendule-radiesthesie-catalyseur-en-bois-dabricotier-corinne-ligeard-baguette-sourcier-divinatoire\/","url":"https:\/\/howood.fr\/index.php\/produit\/pendule-radiesthesie-catalyseur-en-bois-dabricotier-corinne-ligeard-baguette-sourcier-divinatoire\/","name":"PENDULE \"d\u00e9co\" en ABRICOTIER - HoWood","isPartOf":{"@id":"https:\/\/howood.fr\/#website"},"primaryImageOfPage":{"@id":"https:\/\/howood.fr\/index.php\/produit\/pendule-radiesthesie-catalyseur-en-bois-dabricotier-corinne-ligeard-baguette-sourcier-divinatoire\/#primaryimage"},"image":{"@id":"https:\/\/howood.fr\/index.php\/produit\/pendule-radiesthesie-catalyseur-en-bois-dabricotier-corinne-ligeard-baguette-sourcier-divinatoire\/#primaryimage"},"thumbnailUrl":"https:\/\/howood.fr\/wp-content\/uploads\/2025\/07\/Ref.-072501-Albator-abricot-1.jpg","datePublished":"2025-07-19T14:17:06+00:00","dateModified":"2026-02-09T19:40:00+00:00","description":"Pendule de radiesth\u00e9sie unique, d\u00e9coration en bois d'abricotier de Royan. Peut-\u00eatre le v\u00f4tre \u00e0 poser dans votre salle de soin ou entre vos mains.","breadcrumb":{"@id":"https:\/\/howood.fr\/index.php\/produit\/pendule-radiesthesie-catalyseur-en-bois-dabricotier-corinne-ligeard-baguette-sourcier-divinatoire\/#breadcrumb"},"inLanguage":"fr-FR","potentialAction":[{"@type":"ReadAction","target":["https:\/\/howood.fr\/index.php\/produit\/pendule-radiesthesie-catalyseur-en-bois-dabricotier-corinne-ligeard-baguette-sourcier-divinatoire\/"]}]},{"@type":"ImageObject","inLanguage":"fr-FR","@id":"https:\/\/howood.fr\/index.php\/produit\/pendule-radiesthesie-catalyseur-en-bois-dabricotier-corinne-ligeard-baguette-sourcier-divinatoire\/#primaryimage","url":"https:\/\/howood.fr\/wp-content\/uploads\/2025\/07\/Ref.-072501-Albator-abricot-1.jpg","contentUrl":"https:\/\/howood.fr\/wp-content\/uploads\/2025\/07\/Ref.-072501-Albator-abricot-1.jpg","width":806,"height":1033,"caption":"Pendule de radiesth\u00e9sie Howood en bois d'abricotier - fais mains en tournage sur bois par Corinne Ligeard"},{"@type":"BreadcrumbList","@id":"https:\/\/howood.fr\/index.php\/produit\/pendule-radiesthesie-catalyseur-en-bois-dabricotier-corinne-ligeard-baguette-sourcier-divinatoire\/#breadcrumb","itemListElement":[{"@type":"ListItem","position":1,"name":"Accueil","item":"https:\/\/howood.fr\/"},{"@type":"ListItem","position":2,"name":"Produits","item":"https:\/\/howood.fr\/index.php\/shop\/"},{"@type":"ListItem","position":3,"name":"PENDULE \u00ab\u00a0d\u00e9co\u00a0\u00bb en ABRICOTIER"}]},{"@type":"WebSite","@id":"https:\/\/howood.fr\/#website","url":"https:\/\/howood.fr\/","name":"HoWood","description":"pendule de radiesth\u00e9sie Artisanal HoWood","publisher":{"@id":"https:\/\/howood.fr\/#organization"},"potentialAction":[{"@type":"SearchAction","target":{"@type":"EntryPoint","urlTemplate":"https:\/\/howood.fr\/?s={search_term_string}"},"query-input":{"@type":"PropertyValueSpecification","valueRequired":true,"valueName":"search_term_string"}}],"inLanguage":"fr-FR"},{"@type":"Organization","@id":"https:\/\/howood.fr\/#organization","name":"HoWood","url":"https:\/\/howood.fr\/","logo":{"@type":"ImageObject","inLanguage":"fr-FR","@id":"https:\/\/howood.fr\/#\/schema\/logo\/image\/","url":"https:\/\/howood.fr\/wp-content\/uploads\/2024\/10\/logo-HW-150.webp","contentUrl":"https:\/\/howood.fr\/wp-content\/uploads\/2024\/10\/logo-HW-150.webp","width":150,"height":150,"caption":"HoWood"},"image":{"@id":"https:\/\/howood.fr\/#\/schema\/logo\/image\/"}}]}},"_links":{"self":[{"href":"https:\/\/howood.fr\/index.php\/wp-json\/wp\/v2\/product\/2318","targetHints":{"allow":["GET"]}}],"collection":[{"href":"https:\/\/howood.fr\/index.php\/wp-json\/wp\/v2\/product"}],"about":[{"href":"https:\/\/howood.fr\/index.php\/wp-json\/wp\/v2\/types\/product"}],"replies":[{"embeddable":true,"href":"https:\/\/howood.fr\/index.php\/wp-json\/wp\/v2\/comments?post=2318"}],"version-history":[{"count":8,"href":"https:\/\/howood.fr\/index.php\/wp-json\/wp\/v2\/product\/2318\/revisions"}],"predecessor-version":[{"id":3849,"href":"https:\/\/howood.fr\/index.php\/wp-json\/wp\/v2\/product\/2318\/revisions\/3849"}],"wp:featuredmedia":[{"embeddable":true,"href":"https:\/\/howood.fr\/index.php\/wp-json\/wp\/v2\/media\/2309"}],"wp:attachment":[{"href":"https:\/\/howood.fr\/index.php\/wp-json\/wp\/v2\/media?parent=2318"}],"wp:term":[{"taxonomy":"product_brand","embeddable":true,"href":"https:\/\/howood.fr\/index.php\/wp-json\/wp\/v2\/product_brand?post=2318"},{"taxonomy":"product_cat","embeddable":true,"href":"https:\/\/howood.fr\/index.php\/wp-json\/wp\/v2\/product_cat?post=2318"},{"taxonomy":"product_tag","embeddable":true,"href":"https:\/\/howood.fr\/index.php\/wp-json\/wp\/v2\/product_tag?post=2318"}],"curies":[{"name":"wp","href":"https:\/\/api.w.org\/{rel}","templated":true}]}}