{"id":2801,"date":"2025-11-21T21:58:57","date_gmt":"2025-11-21T20:58:57","guid":{"rendered":"https:\/\/howood.fr\/?post_type=product&#038;p=2801"},"modified":"2025-11-23T23:36:26","modified_gmt":"2025-11-23T22:36:26","slug":"collier-pendule-en-bois-metal-rabricotie-radiesthesie-soin-energetique-howood-geobiologie","status":"publish","type":"product","link":"https:\/\/howood.fr\/index.php\/produit\/collier-pendule-en-bois-metal-rabricotie-radiesthesie-soin-energetique-howood-geobiologie\/","title":{"rendered":"Collier et Pendule collection \u00ab\u00a0Chamanique\u00a0\u00bb"},"content":{"rendered":"<p>&nbsp;<\/p>\n<p>Ce pendule est aussi un collier tr\u00e8s \u00e9l\u00e9gant de la collection \u00ab\u00a0Chamanique\u00a0\u00bb Il est aussi bien port\u00e9 par des hommes que par des femme. Un jolie bijou unique et insolite lors d&rsquo;une soir\u00e9e mais aussi \u00e0 l&rsquo;occasion de soins pour accompagner m\u00e9diums et th\u00e9rapeutes&#8230;Compos\u00e9e de trois perles brutes en abricotier du jardin travers\u00e9es par une broche en m\u00e9tal couleur bronze.<\/p>\n<p>Cordon : coton marron<\/p>\n<p>&nbsp;<\/p>\n","protected":false},"excerpt":{"rendered":"<p>&nbsp; Ce pendule est aussi un collier tr\u00e8s \u00e9l\u00e9gant de la collection \u00ab\u00a0Chamanique\u00a0\u00bb Il est aussi bien port\u00e9 par des hommes que par des femme. Un jolie bijou unique et insolite lors d&rsquo;une soir\u00e9e mais aussi \u00e0 l&rsquo;occasion de soins pour accompagner m\u00e9diums et th\u00e9rapeutes&#8230;Compos\u00e9e de trois perles brutes en abricotier du jardin travers\u00e9es par [&hellip;]<\/p>\n","protected":false},"featured_media":2807,"comment_status":"closed","ping_status":"closed","template":"","meta":[],"product_brand":[],"product_cat":[44],"product_tag":[36,34,40,33,72],"class_list":{"0":"post-2801","1":"product","2":"type-product","3":"status-publish","4":"has-post-thumbnail","6":"product_cat-vendu-pendule-stylo-bille-plume-bois-fait-main-royan","7":"product_tag-abricotier","8":"product_tag-bois","9":"product_tag-metal","10":"product_tag-pendule","11":"product_tag-soins-energetiques","13":"first","14":"outofstock","15":"product-type-simple"},"yoast_head":"<!-- This site is optimized with the Yoast SEO plugin v27.4 - https:\/\/yoast.com\/product\/yoast-seo-wordpress\/ -->\n<title>Collier et Pendule collection &quot;Chamanique&quot; - HoWood<\/title>\n<meta name=\"description\" content=\"Tr\u00e8s beau collier Travers\u00e9 par une tige m\u00e9tal couleur bronze compos\u00e9 de 3 perles de bois d&#039;abricotier tourn\u00e9es artisanalement de la marque Howood\" \/>\n<meta name=\"robots\" content=\"index, follow, max-snippet:-1, max-image-preview:large, max-video-preview:-1\" \/>\n<link rel=\"canonical\" href=\"https:\/\/howood.fr\/index.php\/produit\/collier-pendule-en-bois-metal-rabricotie-radiesthesie-soin-energetique-howood-geobiologie\/\" \/>\n<meta property=\"og:locale\" content=\"fr_FR\" \/>\n<meta property=\"og:type\" content=\"article\" \/>\n<meta property=\"og:title\" content=\"Collier et Pendule collection &quot;Chamanique&quot; - HoWood\" \/>\n<meta property=\"og:description\" content=\"Tr\u00e8s beau collier Travers\u00e9 par une tige m\u00e9tal couleur bronze compos\u00e9 de 3 perles de bois d&#039;abricotier tourn\u00e9es artisanalement de la marque Howood\" \/>\n<meta property=\"og:url\" content=\"https:\/\/howood.fr\/index.php\/produit\/collier-pendule-en-bois-metal-rabricotie-radiesthesie-soin-energetique-howood-geobiologie\/\" \/>\n<meta property=\"og:site_name\" content=\"HoWood\" \/>\n<meta property=\"article:modified_time\" content=\"2025-11-23T22:36:26+00:00\" \/>\n<meta property=\"og:image\" content=\"https:\/\/howood.fr\/wp-content\/uploads\/2025\/11\/Collier-Chamanique-CC.-1125.12-3.jpg\" \/>\n\t<meta property=\"og:image:width\" content=\"699\" \/>\n\t<meta property=\"og:image:height\" content=\"766\" \/>\n\t<meta property=\"og:image:type\" content=\"image\/jpeg\" \/>\n<meta name=\"twitter:card\" content=\"summary_large_image\" \/>\n<meta name=\"twitter:label1\" content=\"Dur\u00e9e de lecture estim\u00e9e\" \/>\n\t<meta name=\"twitter:data1\" content=\"1 minute\" \/>\n<script type=\"application\/ld+json\" class=\"yoast-schema-graph\">{\"@context\":\"https:\\\/\\\/schema.org\",\"@graph\":[{\"@type\":\"WebPage\",\"@id\":\"https:\\\/\\\/howood.fr\\\/index.php\\\/produit\\\/collier-pendule-en-bois-metal-rabricotie-radiesthesie-soin-energetique-howood-geobiologie\\\/\",\"url\":\"https:\\\/\\\/howood.fr\\\/index.php\\\/produit\\\/collier-pendule-en-bois-metal-rabricotie-radiesthesie-soin-energetique-howood-geobiologie\\\/\",\"name\":\"Collier et Pendule collection \\\"Chamanique\\\" - HoWood\",\"isPartOf\":{\"@id\":\"https:\\\/\\\/howood.fr\\\/#website\"},\"primaryImageOfPage\":{\"@id\":\"https:\\\/\\\/howood.fr\\\/index.php\\\/produit\\\/collier-pendule-en-bois-metal-rabricotie-radiesthesie-soin-energetique-howood-geobiologie\\\/#primaryimage\"},\"image\":{\"@id\":\"https:\\\/\\\/howood.fr\\\/index.php\\\/produit\\\/collier-pendule-en-bois-metal-rabricotie-radiesthesie-soin-energetique-howood-geobiologie\\\/#primaryimage\"},\"thumbnailUrl\":\"https:\\\/\\\/howood.fr\\\/wp-content\\\/uploads\\\/2025\\\/11\\\/Collier-Chamanique-CC.-1125.12-3.jpg\",\"datePublished\":\"2025-11-21T20:58:57+00:00\",\"dateModified\":\"2025-11-23T22:36:26+00:00\",\"description\":\"Tr\u00e8s beau collier Travers\u00e9 par une tige m\u00e9tal couleur bronze compos\u00e9 de 3 perles de bois d'abricotier tourn\u00e9es artisanalement de la marque Howood\",\"breadcrumb\":{\"@id\":\"https:\\\/\\\/howood.fr\\\/index.php\\\/produit\\\/collier-pendule-en-bois-metal-rabricotie-radiesthesie-soin-energetique-howood-geobiologie\\\/#breadcrumb\"},\"inLanguage\":\"fr-FR\",\"potentialAction\":[{\"@type\":\"ReadAction\",\"target\":[\"https:\\\/\\\/howood.fr\\\/index.php\\\/produit\\\/collier-pendule-en-bois-metal-rabricotie-radiesthesie-soin-energetique-howood-geobiologie\\\/\"]}]},{\"@type\":\"ImageObject\",\"inLanguage\":\"fr-FR\",\"@id\":\"https:\\\/\\\/howood.fr\\\/index.php\\\/produit\\\/collier-pendule-en-bois-metal-rabricotie-radiesthesie-soin-energetique-howood-geobiologie\\\/#primaryimage\",\"url\":\"https:\\\/\\\/howood.fr\\\/wp-content\\\/uploads\\\/2025\\\/11\\\/Collier-Chamanique-CC.-1125.12-3.jpg\",\"contentUrl\":\"https:\\\/\\\/howood.fr\\\/wp-content\\\/uploads\\\/2025\\\/11\\\/Collier-Chamanique-CC.-1125.12-3.jpg\",\"width\":699,\"height\":766,\"caption\":\"Tr\u00e8s beau collier Travers\u00e9 par une tige m\u00e9tal couleur bronze compos\u00e9 de 3 perles de bois d'abricotier tourn\u00e9es artisanalement de la marque Howood avec bois du jardin en Charente-Maritime\"},{\"@type\":\"BreadcrumbList\",\"@id\":\"https:\\\/\\\/howood.fr\\\/index.php\\\/produit\\\/collier-pendule-en-bois-metal-rabricotie-radiesthesie-soin-energetique-howood-geobiologie\\\/#breadcrumb\",\"itemListElement\":[{\"@type\":\"ListItem\",\"position\":1,\"name\":\"Accueil\",\"item\":\"https:\\\/\\\/howood.fr\\\/\"},{\"@type\":\"ListItem\",\"position\":2,\"name\":\"Produits\",\"item\":\"https:\\\/\\\/howood.fr\\\/index.php\\\/shop\\\/\"},{\"@type\":\"ListItem\",\"position\":3,\"name\":\"Collier et Pendule collection \u00ab\u00a0Chamanique\u00a0\u00bb\"}]},{\"@type\":\"WebSite\",\"@id\":\"https:\\\/\\\/howood.fr\\\/#website\",\"url\":\"https:\\\/\\\/howood.fr\\\/\",\"name\":\"HoWood\",\"description\":\"pendule de radiesth\u00e9sie Artisanal HoWood\",\"publisher\":{\"@id\":\"https:\\\/\\\/howood.fr\\\/#organization\"},\"potentialAction\":[{\"@type\":\"SearchAction\",\"target\":{\"@type\":\"EntryPoint\",\"urlTemplate\":\"https:\\\/\\\/howood.fr\\\/?s={search_term_string}\"},\"query-input\":{\"@type\":\"PropertyValueSpecification\",\"valueRequired\":true,\"valueName\":\"search_term_string\"}}],\"inLanguage\":\"fr-FR\"},{\"@type\":\"Organization\",\"@id\":\"https:\\\/\\\/howood.fr\\\/#organization\",\"name\":\"HoWood\",\"url\":\"https:\\\/\\\/howood.fr\\\/\",\"logo\":{\"@type\":\"ImageObject\",\"inLanguage\":\"fr-FR\",\"@id\":\"https:\\\/\\\/howood.fr\\\/#\\\/schema\\\/logo\\\/image\\\/\",\"url\":\"https:\\\/\\\/howood.fr\\\/wp-content\\\/uploads\\\/2024\\\/10\\\/logo-HW-150.webp\",\"contentUrl\":\"https:\\\/\\\/howood.fr\\\/wp-content\\\/uploads\\\/2024\\\/10\\\/logo-HW-150.webp\",\"width\":150,\"height\":150,\"caption\":\"HoWood\"},\"image\":{\"@id\":\"https:\\\/\\\/howood.fr\\\/#\\\/schema\\\/logo\\\/image\\\/\"}}]}<\/script>\n<!-- \/ Yoast SEO plugin. -->","yoast_head_json":{"title":"Collier et Pendule collection \"Chamanique\" - HoWood","description":"Tr\u00e8s beau collier Travers\u00e9 par une tige m\u00e9tal couleur bronze compos\u00e9 de 3 perles de bois d'abricotier tourn\u00e9es artisanalement de la marque Howood","robots":{"index":"index","follow":"follow","max-snippet":"max-snippet:-1","max-image-preview":"max-image-preview:large","max-video-preview":"max-video-preview:-1"},"canonical":"https:\/\/howood.fr\/index.php\/produit\/collier-pendule-en-bois-metal-rabricotie-radiesthesie-soin-energetique-howood-geobiologie\/","og_locale":"fr_FR","og_type":"article","og_title":"Collier et Pendule collection \"Chamanique\" - HoWood","og_description":"Tr\u00e8s beau collier Travers\u00e9 par une tige m\u00e9tal couleur bronze compos\u00e9 de 3 perles de bois d'abricotier tourn\u00e9es artisanalement de la marque Howood","og_url":"https:\/\/howood.fr\/index.php\/produit\/collier-pendule-en-bois-metal-rabricotie-radiesthesie-soin-energetique-howood-geobiologie\/","og_site_name":"HoWood","article_modified_time":"2025-11-23T22:36:26+00:00","og_image":[{"width":699,"height":766,"url":"https:\/\/howood.fr\/wp-content\/uploads\/2025\/11\/Collier-Chamanique-CC.-1125.12-3.jpg","type":"image\/jpeg"}],"twitter_card":"summary_large_image","twitter_misc":{"Dur\u00e9e de lecture estim\u00e9e":"1 minute"},"schema":{"@context":"https:\/\/schema.org","@graph":[{"@type":"WebPage","@id":"https:\/\/howood.fr\/index.php\/produit\/collier-pendule-en-bois-metal-rabricotie-radiesthesie-soin-energetique-howood-geobiologie\/","url":"https:\/\/howood.fr\/index.php\/produit\/collier-pendule-en-bois-metal-rabricotie-radiesthesie-soin-energetique-howood-geobiologie\/","name":"Collier et Pendule collection \"Chamanique\" - HoWood","isPartOf":{"@id":"https:\/\/howood.fr\/#website"},"primaryImageOfPage":{"@id":"https:\/\/howood.fr\/index.php\/produit\/collier-pendule-en-bois-metal-rabricotie-radiesthesie-soin-energetique-howood-geobiologie\/#primaryimage"},"image":{"@id":"https:\/\/howood.fr\/index.php\/produit\/collier-pendule-en-bois-metal-rabricotie-radiesthesie-soin-energetique-howood-geobiologie\/#primaryimage"},"thumbnailUrl":"https:\/\/howood.fr\/wp-content\/uploads\/2025\/11\/Collier-Chamanique-CC.-1125.12-3.jpg","datePublished":"2025-11-21T20:58:57+00:00","dateModified":"2025-11-23T22:36:26+00:00","description":"Tr\u00e8s beau collier Travers\u00e9 par une tige m\u00e9tal couleur bronze compos\u00e9 de 3 perles de bois d'abricotier tourn\u00e9es artisanalement de la marque Howood","breadcrumb":{"@id":"https:\/\/howood.fr\/index.php\/produit\/collier-pendule-en-bois-metal-rabricotie-radiesthesie-soin-energetique-howood-geobiologie\/#breadcrumb"},"inLanguage":"fr-FR","potentialAction":[{"@type":"ReadAction","target":["https:\/\/howood.fr\/index.php\/produit\/collier-pendule-en-bois-metal-rabricotie-radiesthesie-soin-energetique-howood-geobiologie\/"]}]},{"@type":"ImageObject","inLanguage":"fr-FR","@id":"https:\/\/howood.fr\/index.php\/produit\/collier-pendule-en-bois-metal-rabricotie-radiesthesie-soin-energetique-howood-geobiologie\/#primaryimage","url":"https:\/\/howood.fr\/wp-content\/uploads\/2025\/11\/Collier-Chamanique-CC.-1125.12-3.jpg","contentUrl":"https:\/\/howood.fr\/wp-content\/uploads\/2025\/11\/Collier-Chamanique-CC.-1125.12-3.jpg","width":699,"height":766,"caption":"Tr\u00e8s beau collier Travers\u00e9 par une tige m\u00e9tal couleur bronze compos\u00e9 de 3 perles de bois d'abricotier tourn\u00e9es artisanalement de la marque Howood avec bois du jardin en Charente-Maritime"},{"@type":"BreadcrumbList","@id":"https:\/\/howood.fr\/index.php\/produit\/collier-pendule-en-bois-metal-rabricotie-radiesthesie-soin-energetique-howood-geobiologie\/#breadcrumb","itemListElement":[{"@type":"ListItem","position":1,"name":"Accueil","item":"https:\/\/howood.fr\/"},{"@type":"ListItem","position":2,"name":"Produits","item":"https:\/\/howood.fr\/index.php\/shop\/"},{"@type":"ListItem","position":3,"name":"Collier et Pendule collection \u00ab\u00a0Chamanique\u00a0\u00bb"}]},{"@type":"WebSite","@id":"https:\/\/howood.fr\/#website","url":"https:\/\/howood.fr\/","name":"HoWood","description":"pendule de radiesth\u00e9sie Artisanal HoWood","publisher":{"@id":"https:\/\/howood.fr\/#organization"},"potentialAction":[{"@type":"SearchAction","target":{"@type":"EntryPoint","urlTemplate":"https:\/\/howood.fr\/?s={search_term_string}"},"query-input":{"@type":"PropertyValueSpecification","valueRequired":true,"valueName":"search_term_string"}}],"inLanguage":"fr-FR"},{"@type":"Organization","@id":"https:\/\/howood.fr\/#organization","name":"HoWood","url":"https:\/\/howood.fr\/","logo":{"@type":"ImageObject","inLanguage":"fr-FR","@id":"https:\/\/howood.fr\/#\/schema\/logo\/image\/","url":"https:\/\/howood.fr\/wp-content\/uploads\/2024\/10\/logo-HW-150.webp","contentUrl":"https:\/\/howood.fr\/wp-content\/uploads\/2024\/10\/logo-HW-150.webp","width":150,"height":150,"caption":"HoWood"},"image":{"@id":"https:\/\/howood.fr\/#\/schema\/logo\/image\/"}}]}},"_links":{"self":[{"href":"https:\/\/howood.fr\/index.php\/wp-json\/wp\/v2\/product\/2801","targetHints":{"allow":["GET"]}}],"collection":[{"href":"https:\/\/howood.fr\/index.php\/wp-json\/wp\/v2\/product"}],"about":[{"href":"https:\/\/howood.fr\/index.php\/wp-json\/wp\/v2\/types\/product"}],"replies":[{"embeddable":true,"href":"https:\/\/howood.fr\/index.php\/wp-json\/wp\/v2\/comments?post=2801"}],"version-history":[{"count":1,"href":"https:\/\/howood.fr\/index.php\/wp-json\/wp\/v2\/product\/2801\/revisions"}],"predecessor-version":[{"id":2808,"href":"https:\/\/howood.fr\/index.php\/wp-json\/wp\/v2\/product\/2801\/revisions\/2808"}],"wp:featuredmedia":[{"embeddable":true,"href":"https:\/\/howood.fr\/index.php\/wp-json\/wp\/v2\/media\/2807"}],"wp:attachment":[{"href":"https:\/\/howood.fr\/index.php\/wp-json\/wp\/v2\/media?parent=2801"}],"wp:term":[{"taxonomy":"product_brand","embeddable":true,"href":"https:\/\/howood.fr\/index.php\/wp-json\/wp\/v2\/product_brand?post=2801"},{"taxonomy":"product_cat","embeddable":true,"href":"https:\/\/howood.fr\/index.php\/wp-json\/wp\/v2\/product_cat?post=2801"},{"taxonomy":"product_tag","embeddable":true,"href":"https:\/\/howood.fr\/index.php\/wp-json\/wp\/v2\/product_tag?post=2801"}],"curies":[{"name":"wp","href":"https:\/\/api.w.org\/{rel}","templated":true}]}}